Let a be 6/(-2) + (y - 15). Let q = 36 + a. What is the highest common factor of 30 and q?
10
Let x(a) = -2*a**2 - 7*a - 5. Let w be x(-4). Let y = -8 - w. Suppose 34 - y = 3*g. What is the greatest common divisor of g and 99?
11
Let d(k) = 3*k - 2. Let q be 0*(3 - (-6)/(-3)). Suppose q = -3*h + 12 - 3. Let f be d(h). Calculate the highest common divisor of 77 and f.
7
Let y be -4 + (6/(-2) - -4). Let n = 10 + y. Suppose 6 = j + 4*w, -2*w + 37 - n = 2*j. What is the greatest common divisor of j and 45?
9
Let h be (-1 + 2 - -6) + 0. Let w(f) = f**3 - 3*f**2 + f + 2. Let b be w(2). Let m = b + 21. Calculate the greatest common divisor of m and h.
7
Let h = 10 + -7. Suppose h*a + 27 = 4*a. What is the highest common divisor of 18 and a?
9
Suppose -k = -14 - 7. Suppose 2*f + 18 = 3*q, 4*q - 3 = 2*f + k. What is the highest common factor of q and 48?
6
Suppose 5*x + 5*n + 0*n - 70 = 0, -3*x = 4*n - 46. Let y(f) = 6 + 0*f**2 + f**2 + f + 2*f. Let k be y(-4). Calculate the highest common factor of k and x.
10
Let k(c) = -9*c - 2 - c**2 + 21*c + 4 + 0. Let f be k(10). Let y be (8/10)/(2/5). Calculate the greatest common factor of y and f.
2
Suppose 2*h - h = 3. Suppose t = -3*m + 26, -2*t - 3*t = -h*m + 50. Calculate the highest common factor of 2 and m.
2
Let v(r) = r**2 - 15*r - 100. Let d be v(21). Calculate the greatest common factor of 52 and d.
26
Let i be (-6040)/(-100) + (1 - 7/5). Calculate the greatest common factor of i and 80.
20
Suppose 5 + 3 = 4*h. Suppose -5*w + 4*p = -4*w - 6, 16 = h*w - 4*p. Let o be -30*(1/(-1) - 1). Calculate the greatest common divisor of o and w.
10
Suppose 2*w + 488 = 5*m - 0*w, 380 = 4*m + w. What is the greatest common factor of 12 and m?
12
Suppose 18 = 5*g + g. What is the greatest common factor of g and 6?
3
Let x be (-2 - (2 - 3)) + 5. Let p(s) = s**3 - 2*s**2 - 2*s + 2. Let b be p(3). Suppose q + x = b*q. What is the highest common factor of 8 and q?
1
Let t be (-3 + 22/(-6))*-3. Calculate the highest common factor of t and 10.
10
Let c(j) = -j. Let z be c(-5). Suppose 0 = -5*s - 2*m + z, -m + 3 = 3*s. Let w(y) = y**2 - y - 4. Let g be w(-3). What is the highest common factor of g and s?
1
Let z = 0 - -3. Suppose 1 = -3*j - 2*s, 0 = 3*j - 0*j - z*s - 24. Suppose y = -3*p - j*y + 181, 0 = 2*y - 8. Calculate the greatest common factor of p and 5.
5
Let r = -116 - -120. Calculate the greatest common factor of 68 and r.
4
Suppose -x = -6*x + 150. Let n = 47 + -23. Let p = 44 - n. Calculate the highest common factor of x and p.
10
Let y(s) = -15*s + 5. Let n be y(-6). What is the highest common divisor of n and 19?
19
Suppose -2*y - h + 7 = 0, y - 31 = -0*y + 5*h. Suppose 8 = 2*g - 2*b, -b - 1 = 1. What is the highest common divisor of y and g?
2
Let a = 14 - 11. Let k be 2/((16/(-54))/(-4)). What is the highest common factor of a and k?
3
Let m be (-21)/7*(-4)/6. Let l be (m - (15 + 1))/(-1). Calculate the greatest common factor of 98 and l.
14
Let c(p) = 5*p + 6. Let d(l) = 5*l + 6. Let w(s) = -5*c(s) + 4*d(s). Let o be w(-4). What is the highest common factor of o and 28?
14
Suppose -5*x = -4*x - 9. What is the highest common divisor of x and 12?
3
Let u(o) = -9*o + 11. Let i be u(8). Let a = 44 - i. Suppose 0*n - a = -5*n. Calculate the greatest common factor of n and 7.
7
Let p = 8 - 4. Suppose -3*b - 2*g = -51, -2*g = p*b + b - 89. Suppose -4*u = -4*r - 52, u + 0*r + r = b. What is the greatest common factor of u and 24?
8
Let u be (1 - (3 + -5)) + 1. Calculate the highest common factor of 44 and u.
4
Let s(y) = 28*y**2 + 2*y - 1. Let v be s(1). Let l = 74 - v. Calculate the greatest common divisor of 5 and l.
5
Let l(q) = q - 4. Let s be l(4). Let n be (s - (-2 - 2)) + 1. Suppose -4*d = n*a - 134, 41 = -5*d + 2*a + 225. What is the highest common divisor of 24 and d?
12
Let c be 11 + (-1)/((-1)/(-3)). Suppose k + 50 = 5*u - k, -5*u + 55 = -k. Calculate the highest common factor of c and u.
4
Let y = -31 + 15. Let m be (y/28 + 0)*-7. Calculate the highest common divisor of m and 10.
2
Let v be (-26)/(-6) - 1/3. Let i(f) = 11 - 11 - f - v*f. Let h be i(-2). What is the highest common divisor of 60 and h?
10
Suppose 0 = -6*p + p + 20. Let o = p - 2. Suppose -15 = 3*q - 69. Calculate the highest common factor of o and q.
2
Suppose -39 = -p - 4*v - 1, 0 = 4*p - 3*v - 190. Suppose -c = -32 + 1. Let d = c - 8. What is the greatest common divisor of d and p?
23
Let s = 27 - 41. Let g = s + 29. Calculate the highest common divisor of 30 and g.
15
Let k = 4 + -10. Let i be (-4)/k*(-6)/(-4). Calculate the highest common divisor of i and 3.
1
Let c = -4 - -9. Suppose 5*z - 10 = -a + 6, -c*z + 49 = 4*a. Calculate the highest common factor of a and 1.
1
Let n(a) = -a**2 + 21*a - 52. Let h be n(16). What is the greatest common factor of 140 and h?
28
Let a = -16 - -18. What is the highest common divisor of a and 22?
2
Suppose -3*j - 2*j = -r + 59, 10 = -2*j. What is the highest common factor of r and 34?
34
Let r be 2/(-7) - 164/14. Let p = r - -17. Calculate the greatest common factor of p and 20.
5
Let n(v) be the second derivative of -1/12*v**4 + 9/2*v**2 - 1/6*v**3 - v + 0. Let u be n(0). What is the greatest common factor of 1 and u?
1
Suppose y = -11 + 32. Suppose 2*w = -3 + 7. Suppose -124 = -3*c - w*h, -c = -6*c - 2*h + 208. Calculate the highest common factor of c and y.
21
Suppose 3*v + 700 = -u, -3*v + v = -u + 475. Let j = v + 334. Let f be 1*5/((-10)/(-22)). What is the greatest common divisor of f and j?
11
Suppose -5*c - 292 + 1102 = 0. Calculate the greatest common factor of c and 18.
18
Let g(b) = 3*b**2 - 3. Let v be g(-4). Let p = -30 - -48. What is the greatest common divisor of p and v?
9
Let n be ((-2)/(-2) - -3) + -2. Let x(d) = -2 - d + 0*d - 7*d. Let k be x(-3). What is the highest common divisor of n and k?
2
Suppose -2*s = -5*b - 36, 4*s + 3*b - 54 = s. Calculate the greatest common factor of 6 and s.
6
Let t(d) = d - 4. Let s be t(7). Calculate the highest common factor of 3 and s.
3
Let q = 125 + -191. Let h = -156 - q. Let c be ((-3)/(-3))/((-2)/h). What is the greatest common factor of 9 and c?
9
Let t be 9328/48 - 4/(-6). What is the highest common divisor of t and 15?
15
Let g(k) = -2*k + 4. Let w be g(-16). Calculate the highest common factor of 12 and w.
12
Let u(z) = z + 9. Let l be u(-4). Suppose -3*x + 2*x = -4*j - 75, 3*j = l*x - 290. Suppose 0*n = 5*n - x. Calculate the greatest common factor of 77 and n.
11
Suppose -2*y = 10 - 34. Calculate the greatest common divisor of y and 12.
12
Suppose -j - 5 = -0*j - 2*s, 3*j + 5*s - 29 = 0. Calculate the highest common factor of j and 2.
1
Suppose 788 = -6*m - 1216. Let d = 495 + m. What is the greatest common factor of d and 23?
23
Let k be 2/(-4) - 27/6. Let n be (9/(-6))/(1/64). Let x = k - n. Calculate the highest common divisor of x and 13.
13
Let j = -126 + 401. Calculate the greatest common divisor of j and 25.
25
Suppose 2*s - 122 = -s + 5*v, -118 = -3*s + v. Suppose 4*h = 179 - 7. Let z = h + -17. Calculate the greatest common divisor of s and z.
13
Let p = -35 + 25. Let x(q) = -q - 8. Let h be x(p). Let n be (2 - 3)/(h/(-84)). What is the greatest common divisor of 14 and n?
14
Let b(q) = -151*q**3 + q. Let d be b(-1). Calculate the greatest common factor of 60 and d.
30
Let o(a) = a**2 + 4*a - 4. Let w(c) = c**2 + c - 4. Let m be w(-3). Let g be 0 + m/(-2) - 4. Let d be o(g). What is the highest common divisor of d and 9?
1
Let o = 11 - -22. Calculate the greatest common divisor of o and 363.
33
Suppose 0 = -u - 4*s + 25, 6 + 4 = 3*u - s. Let r = -7 + u. Let q be (2 + r - 0) + 1. Calculate the highest common divisor of q and 1.
1
Let i(y) = -13*y**3 - y**2 + y + 1. Let t be i(-1). Suppose 0*b = -3*b + 12. Calculate the greatest common factor of b and t.
4
Let n = -23 + 49. Suppose 268 = 8*u - 4*u. Let r = u - 28. Calculate the greatest common factor of n and r.
13
Let t be -2*(0 - -60)/(-2). Let s = 84 - t. Suppose -2*x = -3*x + 16. What is the highest common factor of s and x?
8
Suppose 4*y = 2*d - 68, -y = 5*d - 0*y - 148. Calculate the highest common factor of d and 6.
6
Suppose 0 = 3*z - 8*z + 15. Suppose -f - 4 = -u, z*u - 2*u + 14 = -5*f. What is the highest common divisor of u and 8?
1
Let r = 43 + -22. Calculate t